 b**2 + 715*b + 124167. Give h(-417).
-99
Let n(j) = -10*j - 286. Calculate n(-45).
164
Let b(s) = -62*s**2 + 592*s - 1307. What is b(6)?
13
Let t(i) = i**2 - 2882*i - 28909. Calculate t(-10).
11
Let s(a) = -a**3 + 196*a**2 - 366*a - 4275. Calculate s(194).
-7
Let j(v) = 4*v**2 - 92607*v + 555503. Determine j(6).
5
Let v(q) = -4*q**3 - 169*q**2 + 689*q - 26. What is v(-46)?
20
Let u(z) = 26372*z - 210996. Give u(8).
-20
Let h(d) = -2*d**3 - 23*d**2 + 16*d - 319. Give h(-13).
-20
Let v(q) = 161914*q - 1295201. Give v(8).
111
Let q(k) = -k**3 + 413*k**2 - 2475*k + 136. Give q(6).
-62
Let v(l) = -198*l + 71240. Give v(360).
-40
Let z(i) = -i**3 + 249*i**2 + 820*i + 189. Give z(-3).
-3
Let q(d) = 2505*d - 703880. Give q(281).
25
Let t(m) = -7640*m + 37715. What is t(5)?
-485
Let r(m) = -905*m**2 + 4528*m - 19. What is r(5)?
-4
Let p(g) = -1668*g + 74896. Determine p(45).
-164
Let g(n) = 9266*n + 147982. Determine g(-16).
-274
Let y(m) = -39209*m - 1685979. Calculate y(-43).
8
Let o(g) = -g**3 + 3*g**2 + 126*g - 71. Give o(15).
-881
Let i(q) = -10145*q - 405803. What is i(-40)?
-3
Let u(n) = n**3 - 16*n**2 + 207*n - 3710. Determine u(18).
664
Let n(c) = -c**2 - 700*c - 17734. Determine n(-26).
-210
Let m(o) = -o**2 + 2002*o - 518987. What is m(306)?
-11
Let o(a) = -4*a**3 - 22*a**2 + 21*a - 196. Determine o(-7).
-49
Let g(a) = 9786*a + 400793. What is g(-41)?
-433
Let p(g) = 17978*g - 17986. Give p(1).
-8
Let f(w) = 4*w**2 - 138*w + 1054. What is f(23)?
-4
Let b(w) = 6534*w + 241709. Calculate b(-37).
-49
Let n(m) = -2*m - 617. Give n(60).
-737
Let m(k) = -k**3 + 84*k**2 - 1189*k + 62. Give m(66).
-4
Let z(n) = -n**3 - 10*n**2 + 55*n + 775. Calculate z(-8).
207
Let k(s) = 53013*s + 530507. Give k(-10).
377
Let s(f) = 2*f**3 - 17*f**2 - 182*f + 1208. Determine s(9).
-349
Let o(b) = 43*b**2 + 6032*b + 71142. Calculate o(-13).
-7
Let t(k) = 1338*k - 40212. What is t(31)?
1266
Let g(i) = -i**2 + 1506*i + 1489360. Give g(-681).
13
Let a(r) = 541*r + 488. Calculate a(1).
1029
Let t(h) = 4731*h - 25486. Give t(6).
2900
Let g(m) = 1544*m - 367376. Give g(238).
96
Let i(q) = 2*q**3 + 56*q**2 + 26*q + 504. What is i(-30)?
-3876
Let n(t) = -148*t - 9221. What is n(-57)?
-785
Let r(x) = 30303*x - 31206. Calculate r(1).
-903
Let n(q) = 74*q**3 - 9*q**2 + 164*q - 156. Calculate n(1).
73
Let c(j) = -j**3 - 78*j**2 + 42*j - 3146. Determine c(-79).
-223
Let w(v) = 11*v**2 - 5395*v + 16065. Give w(3).
-21
Let a(j) = 184*j**2 + 15070*j - 36. Calculate a(-82).
1440
Let f(n) = 105*n**2 - 40951*n + 429. What is f(390)?
39
Let y(w) = -w**3 + 19*w**2 - 111*w + 75. What is y(12)?
-249
Let o(j) = -6*j**2 + 236*j + 66. What is o(38)?
370
Let x(q) = -566*q - 8529. Determine x(-15).
-39
Let b(m) = 261*m**2 - 169170*m + 27220. Calculate b(648).
4
Let z(m) = 30*m**2 - 153*m - 163. Determine z(-1).
20
Let d(z) = 30612*z + 214285. What is d(-7)?
1
Let g(i) = -145*i - 5260. What is g(-54)?
2570
Let d(b) = 17885*b - 554442. Determine d(31).
-7
Let w(v) = 169*v - 5756. Calculate w(34).
-10
Let x(w) = 136*w**2 + 85015*w + 9374. Give x(-625).
-1
Let t(x) = 7*x**2 + 126*x - 3002. Give t(21).
2731
Let c(d) = 7370*d**2 + 51579*d - 85. Give c(-7).
-8
Let v(m) = -4*m**2 + 90*m + 1236. Calculate v(-9).
102
Let k(b) = 5*b**3 + 230*b**2 + 437*b - 286. What is k(-44)?
-154
Let l(i) = 155*i**3 + 17358*i**2 - 223*i + 182. What is l(-112)?
70
Let w(p) = 3116*p + 1660826. Calculate w(-533).
-2
Let b(s) = -6231185*s - 37387122. Calculate b(-6).
-12
Let s(j) = 70593*j - 140886. Give s(2).
300
Let y(p) = -1732*p + 67688. What is y(39)?
140
Let d(v) = -637875*v - 9568129. Calculate d(-15).
-4
Let w(s) = s**2 - 1249*s - 67538. What is w(-52)?
114
Let h(f) = -83*f**3 + 5392*f**2 + 238*f - 2785. What is h(65)?
10
Let r(t) = t**3 + 20*t**2 + 99*t + 55. What is r(-10)?
65
Let p(t) = 1101*t + 6350. Calculate p(-6).
-256
Let p(l) = -2*l**2 - 309*l + 2596. Determine p(8).
-4
Let l(a) = a**2 - 502*a - 2535. Calculate l(-5).
0
Let v(y) = 554*y - 28266. Calculate v(51).
-12
Let c(l) = -23555*l + 25062514. Determine c(1064).
-6
Let u(s) = -s**3 + 55*s**2 - 277*s + 15241. What is u(55)?
6
Let d(t) = -585*t - 27426. Calculate d(-47).
69
Let g(a) = 141*a - 2748. What is g(17)?
-351
Let d(u) = -56*u + 2019. What is d(36)?
3
Let h(v) = v**3 - 79*v**2 + 1440*v - 61908. What is h(71)?
4
Let n(o) = -9*o**2 + 193*o - 422. Calculate n(30).
-2732
Let d(k) = 7295*k - 21918. Give d(3).
-33
Let p(b) = -6*b**2 - 2207*b + 36829. Determine p(16).
-19
Let n(z) = -2*z**2 + 715*z + 20316. What is n(384)?
-36
Let v(m) = -104*m**2 + 4164*m + 144. What is v(40)?
304
Let p(h) = 16*h**2 + 1809*h + 96. Calculate p(-113).
-17
Let b(q) = -3341*q - 1870938. What is b(-560)?
22
Let o(i) = i**3 - 195*i**2 + 205*i - 2105. Give o(194).
29
Let l(h) = 34568*h - 2903711. Give l(84).
1
Let a(k) = -222532*k - 3560509. Determine a(-16).
3
Let c(i) = -1969567*i - 7878269. Give c(-4).
-1
Let y(l) = -l**3 + 200*l**2 - 2250*l - 1121. Give y(188).
7
Let q(z) = -z**2 + 222*z - 1923. Give q(208).
989
Let y(q) = -50*q**2 - 4*q + 3. Determine y(-4).
-781
Let z(w) = -2373*w - 106684. Calculate z(-45).
101
Let o(f) = -145735*f + 1165895. Determine o(8).
15
Let w(b) = -55*b**2 + 66*b + 5. Give w(3).
-292
Let x(i) = 19*i**2 + 126*i - 1291. Give x(-12).
-67
Let d(l) = -69*l - 1720. What is d(4)?
-1996
Let m(o) = 1240*o - 19813. Give m(16).
27
Let g(l) = l**3 - 36*l**2 - 513*l + 12632. Calculate g(41).
4
Let a(q) = -951*q**2 + 1006139*q + 20101. Give a(1058).
-1
Let b(q) = -913*q + 256583. Determine b(281).
30
Let u(f) = 2*f**2 - 13*f - 171372. Determine u(296).
12
Let x(n) = -392*n - 6047. What is x(-17)?
617
Let y(i) = -92*i**2 - 185*i + 125. Determine y(1).
-152
Let n(w) = -146*w - 2251. What is n(-15)?
-61
Let p(z) = -2*z**2 + 72*z + 10285. Determine p(92).
-19
Let z(g) = 2938*g - 108689. Give z(37).
17
Let a(g) = 155*g + 47981. What is a(-311)?
-224
Let x(t) = -2011*t - 7977. Give x(-4).
67
Let n(x) = 7404*x - 14787. Calculate n(2).
21
Let b(i) = -i**2 - 696*i + 20279. What is b(28)?
7
Let g(c) = -2*c**3 + 113*c**2 + 13794*c + 1105. Calculate g(116).
-55
Let g(p) = -113*p**2 - 7752*p + 3146. Determine g(-69).
41
Let h(r) = -955*r + 42985. What is h(45)?
10
Let c(f) = -74013*f - 6291101. Determine c(-85).
4
Let y(z) = -361*z - 26645. What is y(-77)?
1152
Let q(h) = 2373*h - 2128613. Give q(897).
-32
Let g(w) = -16*w**2 + 1390*w + 15180. Calculate g(-10).
-320
Let x(f) = -f**3 - 88*f**2 + 193*f + 994. Give x(-90).
-176
Let i(q) = -2*q**3 + 4*q**2 - 15351*q + 61425. Determine i(4).
-43
Let d(w) = -2*w**3 + 196*w**2 + 1553*w + 2758. Determine d(-5).
143
Let r(k) = 7*k**2 - 594*k + 55. Calculate r(87).
1360
Let s(n) = 181*n**2 - 1785*n - 1786. What is s(-1)?
180
Let f(h) = -96*h**3 + 21*h**2 - 269*h + 251. Determine f(1).
-93
Let f(w) = 9*w**3 + 68*w**2 + 122*w + 243. Give f(-6).
15
Let y(k) = k**2 - 10513*k + 324912. Give y(31).
-30
Let b(n) = -2*n**3 - 3*n**2 + 8*n - 23. Calculate b(-6).
253
Let d(y) = -2310517*y + 32347238. Calculate d(14).
0
Let t(n) = -2*n**3 - 36*n**2 - 98*n + 118. Give t(-5).
-42
Let q(u) = -50*u - 2256. Give q(-17).
-1406
Let c(g) = 1658*g**3 - 5*g**2 - 50*g - 46. Calculate c(-1).
-1659
Let m(j) = j**3 + 436*j**2 - 9588*j - 177. Calculate m(21).
12
Let t(m) = 597*m + 6264. Calculate t(-10).
294
Let j(l) = 4701*l + 752179. What is j(-160)?
19
Let b(n) = 11*n**3 - 63*n**2 - 23*n - 31. What is b(6)?
-61
Let c(j) = -j**2 + 20535*j - 41067. Give c(2).
-1
Let k(a) = 2*a**3 - 3013*a**2 - 39500*a + 81. Determine k(-13).
-10
Let r(x) = 326*x - 34747. What is r(114)?
2417
Let f(r) = -21*r**3 - 35*r**2 + 51*r + 36. Give f(-3).
135
Let u(o) = -14*o**3 - 2028*o**2 + 293*o + 388. What is u(-145)?
-47
Let l(w) = -1612*w + 425558. What is l(264)?
-10
Let i(n) = n**3 + 43*n**2 + 9*n - 3039. Determine i(-41).
-46
Let t(v) = -378*v**2 + 2636*v - 114. What is t(7)?
-184
Let f(t) = 2*t - 357. Determine f(141).
-75
Let a(q) = 2*q**3 - 32*q**2 - 29*q + 726. Determine a(17).
811
Let o(j) = -81198*j + 568510. Determine o(7).
124
Let n(h) = 65743*h - 854676. Determine n(13).
-17
Let f(d) = 558948*d + 2794746. Determine f(-5).
6
Let w(i) = 2*i**3 + 19*i**2 - 54*i - 18. Give w(-12).
-90
Let d(b) = 21678*b + 198078. What is d(-9)?
2976
Let c(u) = 87*u - 12917. Deter